Calculate x(-366).
-51
Let x(p) = 4*p**3 - 2943*p**2 + 1112*p - 1360122. Give x(736).
6
Let h(g) = -50*g**2 + 28749*g + 581. Determine h(575).
6
Let v(m) = -34*m**2 - 10432*m + 22891. Determine v(-309).
25
Let t(n) = 2*n**3 + 10*n**2 + 356*n + 2594. Give t(-7).
-94
Let i(m) = m**3 - 567*m**2 - 56161*m - 257. What is i(-86)?
1
Let l(j) = 2*j**3 + 293*j**2 + 388*j + 36588. Calculate l(-146).
1256
Let i(b) = -2*b**2 + 855*b + 10463. Calculate i(-12).
-85
Let p(t) = 63476*t - 2158188. What is p(34)?
-4
Let j(i) = -3*i**3 + 102*i**2 + 130*i - 4419. Determine j(34).
1
Let d(n) = 410*n - 7791. What is d(19)?
-1
Let w(k) = -3*k**3 - 52*k**2 - 55*k + 4. What is w(-13)?
-1478
Let k(a) = -2*a**2 - 601*a - 7942. What is k(-13)?
-467
Let f(s) = -31318*s - 13090929. Calculate f(-418).
-5
Let b(x) = -x**3 + 71*x**2 - 214*x + 9726. What is b(70)?
-354
Let u(d) = -d**2 + 2993*d + 371. Calculate u(0).
371
Let u(g) = 2*g**2 + 2988*g - 251817. Calculate u(80).
23
Let o(j) = -13*j**2 - 1260*j - 25. Give o(-97).
-122
Let l(k) = 2*k**2 - 165*k + 2183. Calculate l(17).
-44
Let p(k) = 6*k**3 - 323*k**2 + 551*k + 29952. Give p(50).
2
Let m(j) = 85*j**2 + 28179*j + 42565. Determine m(-330).
-5
Let j(r) = 20827*r - 28470508. What is j(1367)?
1
Let f(d) = 4*d**2 - 90*d - 931. Calculate f(-9).
203
Let i(k) = -k**3 + 70*k**2 - 1064*k + 4660. What is i(10)?
20
Let t(g) = g**3 - 13*g**2 + 3547*g - 3. Give t(0).
-3
Let j(b) = -41*b**3 - 88*b**2 + 12*b - 9. What is j(-3)?
270
Let i(w) = 55*w - 10291. What is i(191)?
214
Let l(n) = 5515*n + 42581. Determine l(-8).
-1539
Let k(t) = 10648*t - 404607. Give k(38).
17
Let d(k) = 2*k**3 + 90*k**2 + 3616*k + 148156. Calculate d(-43).
64
Let t(m) = 3920*m - 333207. Calculate t(85).
-7
Let a(q) = -24*q**2 + 1251*q - 2714. What is a(50)?
-164
Let b(d) = 232532*d**2 - 930130*d + 9. Determine b(4).
1
Let p(w) = 2*w**2 - 89*w - 80018. Determine p(-179).
-5
Let h(z) = 4*z**3 - 94*z**2 + 74*z - 764. What is h(23)?
-120
Let u(p) = p**3 + 246*p**2 + 183*p - 15989. Give u(-245).
-799
Let o(z) = -61156*z + 60545. Calculate o(1).
-611
Let g(d) = -3*d**3 - 9*d**2 + 25*d. Calculate g(3).
-87
Let k(j) = 7*j**2 + 2077*j - 250331. Determine k(92).
1
Let i(o) = 4*o**2 + 786*o + 10006. What is i(-183)?
124
Let o(p) = p**2 + 38460*p + 576588. What is o(-15)?
-87
Let f(d) = -2*d**2 - 100*d + 3197. Give f(24).
-355
Let g(a) = -3372*a - 165203. What is g(-49)?
25
Let j(b) = -7*b**2 - 3186*b - 42750. What is j(-14)?
482
Let t(c) = -c**2 + 19*c - 176. Calculate t(12).
-92
Let u(w) = -w**2 - 97*w - 1. Give u(-76).
1595
Let t(m) = -m**2 - 26*m + 100. Calculate t(-20).
220
Let v(a) = -a**2 - 799249*a + 159090154. Determine v(199).
2
Let n(o) = -2*o**3 - 7*o**2 + 36*o - 83. Determine n(-11).
1336
Let u(r) = 55874*r + 949833. Determine u(-17).
-25
Let c(p) = -552*p - 10062. Determine c(-18).
-126
Let m(i) = 41*i**3 + 127*i**2 - 5*i - 45. Calculate m(-3).
6
Let m(h) = 24954*h - 49935. Calculate m(2).
-27
Let o(a) = 2*a**2 - 601*a + 29930. Give o(237).
-169
Let v(i) = -30*i**2 - 863*i + 23787. Determine v(-46).
5
Let m(g) = -3946*g + 39460. Calculate m(10).
0
Let k(a) = -5*a**3 - 36*a**2 + 158*a + 8. What is k(7)?
-2365
Let b(w) = w**3 - 11*w**2 - 3383*w + 37185. Determine b(11).
-28
Let g(w) = -w**2 + 1255*w - 39069. Calculate g(32).
67
Let l(h) = 559*h - 145327. Determine l(260).
13
Let m(v) = v**3 + 34*v**2 + 767*v + 22379. What is m(-32)?
-117
Let t(x) = -5*x**3 - 105*x**2 - 1889*x - 7451. What is t(-5)?
-6
Let z(v) = v**3 - 86*v**2 + 1821*v - 2755. Calculate z(52).
1
Let i(n) = 1194*n + 205394. What is i(-172)?
26
Let k(p) = -28511*p - 83218. Calculate k(-3).
2315
Let c(v) = 2*v**3 - 2492*v**2 + 17379*v - 248. What is c(7)?
-17
Let k(a) = a**3 + 140*a**2 + 195*a - 11146. Determine k(-138).
32
Let n(u) = 10*u**3 + 130*u**2 + 439*u + 5696. Calculate n(-13).
-11
Let s(r) = 363*r**2 - 2012*r + 4. What is s(7)?
3707
Let p(c) = 5*c**3 - 170*c**2 - 2766*c + 80. What is p(46)?
-196
Let w(v) = 5*v**3 + 986*v**2 + 188*v - 1282. Give w(-197).
491
Let r(v) = 38*v**2 + 365*v - 880. Calculate r(2).
2
Let x(u) = 4996*u**2 + 979218*u + 230. What is x(-196)?
-162
Let n(i) = -i**2 - 35216*i - 3721669. Determine n(-106).
-9
Let i(m) = 11*m**3 - 647*m**2 - 404*m + 16871. Determine i(59).
-3
Let h(d) = -31*d**2 - 1344*d - 8020. What is h(-6)?
-1072
Let o(j) = 19652*j + 196474. Give o(-10).
-46
Let j(f) = 190*f - 2387. Determine j(12).
-107
Let c(s) = s**3 + 86*s**2 + 1502*s + 5. Determine c(-25).
580
Let y(r) = -6*r**3 - 342*r**2 + 306*r + 17448. Calculate y(-57).
6
Let z(o) = -o**3 - 52*o**2 - 26*o + 170. Give z(-52).
1522
Let p(m) = -m**2 - 2306*m - 504956. What is p(-245)?
-11
Let l(v) = -23845*v + 262313. Calculate l(11).
18
Let j(x) = -5842*x - 262871. What is j(-45)?
19
Let j(p) = p**2 - 22792*p + 11342060. What is j(509)?
13
Let p(g) = 402*g - 4620. Give p(11).
-198
Let u(w) = -442*w**2 - 49*w - 46. Calculate u(-1).
-439
Let w(h) = h**3 + 77*h**2 - 10770*h + 18602. Determine w(71).
0
Let g(s) = 139982*s + 1259872. Calculate g(-9).
34
Let x(u) = -3*u**2 - 684*u + 142559. Calculate x(132).
-1
Let s(k) = 3*k**3 + 25*k**2 - 2215*k - 17808. Calculate s(-8).
-24
Let v(n) = 119*n**2 + 763*n + 654. What is v(-5)?
-186
Let d(j) = -j**3 - 3*j**2 + 96*j + 315. What is d(-5)?
-115
Let o(a) = 4*a**2 + 1203*a + 86272. Calculate o(-119).
-241
Let v(o) = -54*o - 12514. Calculate v(-234).
122
Let w(h) = -8*h**3 - 67*h**2 + 137*h + 257. Calculate w(-11).
1291
Let n(l) = -7*l**3 + 24*l**2 - 45*l + 5. Calculate n(2).
-45
Let v(k) = -k**3 + 92*k**2 + 663*k + 3082. Calculate v(99).
112
Let p(v) = v**3 - 80*v**2 + 578*v - 471. What is p(72)?
-327
Let b(g) = -8866*g + 115253. Calculate b(13).
-5
Let j(a) = a**3 - 67*a**2 - 4640*a + 310899. Give j(68).
3
Let d(y) = 1783*y + 119456. What is d(-67)?
-5
Let l(v) = v**2 - 199*v - 4294. What is l(216)?
-622
Let r(t) = -t**3 + 35*t**2 - 43*t + 292. Determine r(34).
-14
Let w(g) = -224*g**3 + 6*g**2 + 18*g - 20. What is w(1)?
-220
Let v(u) = 161*u**2 - 144*u + 294. Calculate v(2).
650
Let g(b) = 7538*b - 188923. What is g(25)?
-473
Let w(h) = 23*h**3 - 552*h**2 + 2*h - 136. Give w(24).
-88
Let k(q) = 2*q**2 - 988*q - 35848. Give k(-34).
56
Let n(y) = 5190*y + 451531. Calculate n(-87).
1
Let a(g) = g**3 - 490*g**2 + 1246*g - 369696. What is a(489)?
477
Let z(a) = -7*a**2 + 2286*a + 9303. Give z(-4).
47
Let t(x) = -3*x**2 - 177*x + 8371. Give t(-89).
361
Let l(f) = 2*f**2 + 9685*f + 38756. Determine l(-4).
48
Let w(p) = p**2 - 9600*p + 940606. Give w(99).
7
Let n(k) = -12996*k - 2833127. What is n(-218)?
1
Let r(l) = 421*l**2 + 18961*l - 256. What is r(-45)?
-976
Let f(u) = 21*u**3 + 3*u**2 - 1950*u + 1949. What is f(1)?
23
Let n(b) = -393*b - 8367. Calculate n(-21).
-114
Let n(f) = 3*f**2 - 322*f - 2276. Determine n(114).
4
Let g(m) = m**3 - 5*m**2 - 969*m + 1949. Determine g(2).
-1
Let r(y) = -3214*y + 977049. Give r(304).
-7
Let v(y) = -y**3 - 242*y**2 + 1716*y + 214. Give v(7).
25
Let f(y) = 133*y**2 - 13571*y + 527. Give f(102).
17
Let t(o) = 3*o**3 - 36*o**2 - 42*o - 147. What is t(-4)?
-747
Let x(q) = q**2 - 1783*q - 65807. What is x(-36)?
-323
Let q(o) = -715*o + 2173. What is q(3)?
28
Let r(f) = f**3 - 136*f**2 - 1235*f + 441. Determine r(-9).
-189
Let m(h) = -h**2 - 1134*h + 159307. Give m(126).
547
Let i(f) = 13*f**2 - 1083*f + 3385. Calculate i(80).
-55
Let o(c) = -c**3 + 98*c**2 + 181*c + 874. What is o(100)?
-1026
Let s(j) = 31*j**2 - 257*j - 3987. Calculate s(-8).
53
Let h(z) = 73*z**2 + 7*z - 24. Give h(-5).
1766
Let w(a) = a**3 - 30*a**2 + 36*a - 81. What is w(30)?
999
Let x(r) = r**3 - 67*r**2 - 177*r - 2595. What is x(70)?
-285
Let g(q) = 3*q**2 + 253*q + 3332. Give g(-16).
52
Let o(u) = -u**2 - 109*u - 2793. Calculate o(-60).
147
Let f(b) = -5*b**3 - 65*b**2 + 77*b + 180. What is f(-14)?
82
Let f(g) = 64*g + 7295. Calculate f(-92).
1407
Let w(b) = -b**2 - 48*b - 1887. Determine w(-87).
-5280
Let g(l) = -l**2 + 174*l - 6350. Give g(64).
690
Let b(l) = -4*l**2 + 95247*l - 3803476. Calculate b(40).
4
Let u(t) = t**3 + 81*t**2 - 104*t - 8396. Determine u(-81).
28
Let a(k) = 240*k + 52179. Give a(-217).
99
Let i(n) = 4*n**3 + 1961*n**2 - 1458*n + 7364. Give i(-491).
-1
Let w(o) = -4*o**3 - 230*o**2 + 86*o - 1829. What is w(-58)?
-89
Let y(w